{"id":592,"date":"2026-09-02T14:34:29","date_gmt":"2026-09-02T14:34:29","guid":{"rendered":"https:\/\/ativadas.com.br\/?page_id=592"},"modified":"2026-09-02T20:36:13","modified_gmt":"2026-09-02T20:36:13","slug":"ativadas-leadership-2026","status":"publish","type":"page","link":"https:\/\/ativadas.com.br\/","title":{"rendered":"Ativadas Leadership 2026"},"content":{"rendered":"\t\t<div data-elementor-type=\"wp-page\" data-elementor-id=\"592\" class=\"elementor elementor-592\" data-elementor-post-type=\"page\">\n\t\t\t\t<div class=\"elementor-element elementor-element-ab06c6a e-flex e-con-boxed e-con e-parent\" data-id=\"ab06c6a\" data-element_type=\"container\" data-e-type=\"container\" data-settings=\"{&quot;background_background&quot;:&quot;classic&quot;}\">\n\t\t\t\t\t<div class=\"e-con-inner\">\n\t\t\t\t<div class=\"elementor-element elementor-element-839d64f elementor-align-left elementor-absolute elementor-widget elementor-widget-button\" data-id=\"839d64f\" data-element_type=\"widget\" data-e-type=\"widget\" data-settings=\"{&quot;_position&quot;:&quot;absolute&quot;}\" data-widget_type=\"button.default\">\n\t\t\t\t\t\t\t\t\t\t<a class=\"elementor-button elementor-button-link elementor-size-sm elementor-animation-shrink\" href=\"#\">\n\t\t\t\t\t\t<span class=\"elementor-button-content-wrapper\">\n\t\t\t\t\t\t\t\t\t<span class=\"elementor-button-text\">Fa\u00e7a aqui sua inscri\u00e7\u00e3o<\/span>\n\t\t\t\t\t<\/span>\n\t\t\t\t\t<\/a>\n\t\t\t\t\t\t\t\t<\/div>\n\t\t\t\t\t<\/div>\n\t\t\t\t<\/div>\n\t\t<div class=\"elementor-element elementor-element-e404338 e-flex e-con-boxed e-con e-parent\" data-id=\"e404338\" data-element_type=\"container\" data-e-type=\"container\" data-settings=\"{&quot;background_background&quot;:&quot;classic&quot;}\">\n\t\t\t\t\t<div class=\"e-con-inner\">\n\t\t\t\t<div class=\"elementor-element elementor-element-164acf7 elementor-widget elementor-widget-heading\" data-id=\"164acf7\" data-element_type=\"widget\" data-e-type=\"widget\" data-widget_type=\"heading.default\">\n\t\t\t\t\t<h2 class=\"elementor-heading-title elementor-size-default\">Uma imers\u00e3o de treinamento e desenvolvimento para mulheres que lideram na igreja local e para aquelas que est\u00e3o se preparando para assumir novas responsabilidades.\n\nPastoras, l\u00edderes, discipuladoras e mulheres em forma\u00e7\u00e3o encontrar\u00e3o um ambiente pensado para desenvolver compet\u00eancias essenciais para uma lideran\u00e7a feminina crist\u00e3 mais preparada, saud\u00e1vel e intencional.\n\nO Ativadas Leadership re\u00fane treinamento pr\u00e1tico, desenvolvimento pessoal e vis\u00e3o espiritual para mulheres que desejam crescer na forma como lideram, comunicam, cuidam de pessoas, tomam decis\u00f5es e se posicionam dentro do seu contexto.<\/h2>\t\t\t\t<\/div>\n\t\t\t\t\t<\/div>\n\t\t\t\t<\/div>\n\t\t<div class=\"elementor-element elementor-element-9ccece8 e-con-full e-flex e-con e-parent\" data-id=\"9ccece8\" data-element_type=\"container\" data-e-type=\"container\">\n\t\t<div class=\"elementor-element elementor-element-434affa e-con-full e-flex e-con e-child\" data-id=\"434affa\" data-element_type=\"container\" data-e-type=\"container\" data-settings=\"{&quot;background_background&quot;:&quot;classic&quot;}\">\n\t\t\t\t<\/div>\n\t\t<div class=\"elementor-element elementor-element-cea4103 e-con-full e-flex e-con e-child\" data-id=\"cea4103\" data-element_type=\"container\" data-e-type=\"container\">\n\t\t\t\t<div class=\"elementor-element elementor-element-007a8b3 elementor-widget__width-initial elementor-absolute elementor-widget elementor-widget-image\" data-id=\"007a8b3\" data-element_type=\"widget\" data-e-type=\"widget\" data-settings=\"{&quot;_position&quot;:&quot;absolute&quot;,&quot;motion_fx_motion_fx_scrolling&quot;:&quot;yes&quot;,&quot;motion_fx_translateY_effect&quot;:&quot;yes&quot;,&quot;motion_fx_rotateZ_effect&quot;:&quot;yes&quot;,&quot;motion_fx_rotateZ_speed&quot;:{&quot;unit&quot;:&quot;px&quot;,&quot;size&quot;:3.20000000000000017763568394002504646778106689453125,&quot;sizes&quot;:[]},&quot;motion_fx_translateY_speed&quot;:{&quot;unit&quot;:&quot;px&quot;,&quot;size&quot;:4,&quot;sizes&quot;:[]},&quot;motion_fx_translateY_affectedRange&quot;:{&quot;unit&quot;:&quot;%&quot;,&quot;size&quot;:&quot;&quot;,&quot;sizes&quot;:{&quot;start&quot;:0,&quot;end&quot;:100}},&quot;motion_fx_rotateZ_affectedRange&quot;:{&quot;unit&quot;:&quot;%&quot;,&quot;size&quot;:&quot;&quot;,&quot;sizes&quot;:{&quot;start&quot;:0,&quot;end&quot;:100}},&quot;motion_fx_devices&quot;:[&quot;desktop&quot;,&quot;tablet&quot;,&quot;mobile&quot;]}\" data-widget_type=\"image.default\">\n\t\t\t\t\t\t\t\t\t\t\t\t\t\t\t<img fetchpriority=\"high\" decoding=\"async\" width=\"566\" height=\"566\" src=\"https:\/\/ativadas.com.br\/wp-content\/uploads\/2026\/09\/selo.webp\" class=\"attachment-large size-large wp-image-618\" alt=\"\" srcset=\"https:\/\/ativadas.com.br\/wp-content\/uploads\/2026\/09\/selo.webp 566w, https:\/\/ativadas.com.br\/wp-content\/uploads\/2026\/09\/selo-300x300.webp 300w, https:\/\/ativadas.com.br\/wp-content\/uploads\/2026\/09\/selo-150x150.webp 150w\" sizes=\"(max-width: 566px) 100vw, 566px\" \/>\t\t\t\t\t\t\t\t\t\t\t\t\t\t\t<\/div>\n\t\t\t\t<div class=\"elementor-element elementor-element-09cf043 elementor-widget elementor-widget-heading\" data-id=\"09cf043\" data-element_type=\"widget\" data-e-type=\"widget\" data-widget_type=\"heading.default\">\n\t\t\t\t\t<h2 class=\"elementor-heading-title elementor-size-default\">Pra quem \u00e9 o<br> ATIVADAS LEADERSHIP?<\/h2>\t\t\t\t<\/div>\n\t\t\t\t<div class=\"elementor-element elementor-element-a768538 elementor-widget elementor-widget-text-editor\" data-id=\"a768538\" data-element_type=\"widget\" data-e-type=\"widget\" data-widget_type=\"text-editor.default\">\n\t\t\t\t\t\t\t\t\t<p><span class=\"Apple-converted-space\">\u00a0<\/span>Pastoras e l\u00edderes que j\u00e1 est\u00e3o \u00e0 frente de pessoas, equipes ou minist\u00e9rios e querem se desenvolver, se capacitar e fortalecer sua lideran\u00e7a.<\/p><p>\u2022 Mulheres que j\u00e1 exerceram lideran\u00e7a e desejam estar mais preparadas para uma nova fase.<br \/>\u2022 Mulheres que est\u00e3o sendo formadas para liderar ou que percebem novas responsabilidades se aproximando.<br \/>\u2022 Mulheres que querem come\u00e7ar a se preparar antes do t\u00edtulo, da fun\u00e7\u00e3o ou do convite.<\/p><p>Um treinamento para quem entende que lideran\u00e7a tamb\u00e9m se aprende, se desenvolve e se aperfei\u00e7oa.<\/p>\t\t\t\t\t\t\t\t<\/div>\n\t\t\t\t<\/div>\n\t\t\t\t<\/div>\n\t\t\t\t<\/div>\n\t\t","protected":false},"excerpt":{"rendered":"<p>Fa\u00e7a aqui sua inscri\u00e7\u00e3o Uma imers\u00e3o de treinamento e desenvolvimento para mulheres que lideram na igreja local e para aquelas que est\u00e3o se preparando para assumir novas responsabilidades. Pastoras, l\u00edderes, discipuladoras e mulheres em forma\u00e7\u00e3o encontrar\u00e3o um ambiente pensado para desenvolver compet\u00eancias essenciais para uma lideran\u00e7a feminina crist\u00e3 mais preparada, saud\u00e1vel e intencional. O Ativadas [&hellip;]<\/p>\n","protected":false},"author":1,"featured_media":0,"parent":0,"menu_order":0,"comment_status":"closed","ping_status":"closed","template":"elementor_canvas","meta":{"footnotes":""},"class_list":["post-592","page","type-page","status-publish","hentry","entry"],"_links":{"self":[{"href":"https:\/\/ativadas.com.br\/index.php\/wp-json\/wp\/v2\/pages\/592","targetHints":{"allow":["GET"]}}],"collection":[{"href":"https:\/\/ativadas.com.br\/index.php\/wp-json\/wp\/v2\/pages"}],"about":[{"href":"https:\/\/ativadas.com.br\/index.php\/wp-json\/wp\/v2\/types\/page"}],"author":[{"embeddable":true,"href":"https:\/\/ativadas.com.br\/index.php\/wp-json\/wp\/v2\/users\/1"}],"replies":[{"embeddable":true,"href":"https:\/\/ativadas.com.br\/index.php\/wp-json\/wp\/v2\/comments?post=592"}],"version-history":[{"count":55,"href":"https:\/\/ativadas.com.br\/index.php\/wp-json\/wp\/v2\/pages\/592\/revisions"}],"predecessor-version":[{"id":659,"href":"https:\/\/ativadas.com.br\/index.php\/wp-json\/wp\/v2\/pages\/592\/revisions\/659"}],"wp:attachment":[{"href":"https:\/\/ativadas.com.br\/index.php\/wp-json\/wp\/v2\/media?parent=592"}],"curies":[{"name":"wp","href":"https:\/\/api.w.org\/{rel}","templated":true}]}}

<div data-elementor-type="wp-page" data-elementor-id="592" class="elementor elementor-592" data-elementor-post-type="page">
				<div class="elementor-element elementor-element-ab06c6a e-flex e-con-boxed e-con e-parent" data-id="ab06c6a" data-element_type="container" data-e-type="container" data-settings="{&quot;background_background&quot;:&quot;classic&quot;}">
					<div class="e-con-inner">
				<div class="elementor-element elementor-element-839d64f elementor-align-left elementor-absolute elementor-widget elementor-widget-button" data-id="839d64f" data-element_type="widget" data-e-type="widget" data-settings="{&quot;_position&quot;:&quot;absolute&quot;}" data-widget_type="button.default">
										<a class="elementor-button elementor-button-link elementor-size-sm elementor-animation-shrink" href="#">
						<span class="elementor-button-content-wrapper">
									<span class="elementor-button-text">Faça aqui sua inscrição</span>
					</span>
					</a>
								</div>
					</div>
				</div>
		<div class="elementor-element elementor-element-e404338 e-flex e-con-boxed e-con e-parent" data-id="e404338" data-element_type="container" data-e-type="container" data-settings="{&quot;background_background&quot;:&quot;classic&quot;}">
					<div class="e-con-inner">
				<div class="elementor-element elementor-element-164acf7 elementor-widget elementor-widget-heading" data-id="164acf7" data-element_type="widget" data-e-type="widget" data-widget_type="heading.default">
					<h2 class="elementor-heading-title elementor-size-default">Uma imersão de treinamento e desenvolvimento para mulheres que lideram na igreja local e para aquelas que estão se preparando para assumir novas responsabilidades.

Pastoras, líderes, discipuladoras e mulheres em formação encontrarão um ambiente pensado para desenvolver competências essenciais para uma liderança feminina cristã mais preparada, saudável e intencional.

O Ativadas Leadership reúne treinamento prático, desenvolvimento pessoal e visão espiritual para mulheres que desejam crescer na forma como lideram, comunicam, cuidam de pessoas, tomam decisões e se posicionam dentro do seu contexto.</h2>				</div>
					</div>
				</div>
		<div class="elementor-element elementor-element-9ccece8 e-con-full e-flex e-con e-parent" data-id="9ccece8" data-element_type="container" data-e-type="container">
		<div class="elementor-element elementor-element-434affa e-con-full e-flex e-con e-child" data-id="434affa" data-element_type="container" data-e-type="container" data-settings="{&quot;background_background&quot;:&quot;classic&quot;}">
				</div>
		<div class="elementor-element elementor-element-cea4103 e-con-full e-flex e-con e-child" data-id="cea4103" data-element_type="container" data-e-type="container">
				<div class="elementor-element elementor-element-007a8b3 elementor-widget__width-initial elementor-absolute elementor-widget elementor-widget-image" data-id="007a8b3" data-element_type="widget" data-e-type="widget" data-settings="{&quot;_position&quot;:&quot;absolute&quot;,&quot;motion_fx_motion_fx_scrolling&quot;:&quot;yes&quot;,&quot;motion_fx_translateY_effect&quot;:&quot;yes&quot;,&quot;motion_fx_rotateZ_effect&quot;:&quot;yes&quot;,&quot;motion_fx_rotateZ_speed&quot;:{&quot;unit&quot;:&quot;px&quot;,&quot;size&quot;:3.20000000000000017763568394002504646778106689453125,&quot;sizes&quot;:[]},&quot;motion_fx_translateY_speed&quot;:{&quot;unit&quot;:&quot;px&quot;,&quot;size&quot;:4,&quot;sizes&quot;:[]},&quot;motion_fx_translateY_affectedRange&quot;:{&quot;unit&quot;:&quot;%&quot;,&quot;size&quot;:&quot;&quot;,&quot;sizes&quot;:{&quot;start&quot;:0,&quot;end&quot;:100}},&quot;motion_fx_rotateZ_affectedRange&quot;:{&quot;unit&quot;:&quot;%&quot;,&quot;size&quot;:&quot;&quot;,&quot;sizes&quot;:{&quot;start&quot;:0,&quot;end&quot;:100}},&quot;motion_fx_devices&quot;:[&quot;desktop&quot;,&quot;tablet&quot;,&quot;mobile&quot;]}" data-widget_type="image.default">
															<img fetchpriority="high" decoding="async" width="566" height="566" src="https://ativadas.com.br/wp-content/uploads/2026/09/selo.webp" class="attachment-large size-large wp-image-618" alt="" srcset="https://ativadas.com.br/wp-content/uploads/2026/09/selo.webp 566w, https://ativadas.com.br/wp-content/uploads/2026/09/selo-300x300.webp 300w, https://ativadas.com.br/wp-content/uploads/2026/09/selo-150x150.webp 150w" sizes="(max-width: 566px) 100vw, 566px" />															</div>
				<div class="elementor-element elementor-element-09cf043 elementor-widget elementor-widget-heading" data-id="09cf043" data-element_type="widget" data-e-type="widget" data-widget_type="heading.default">
					<h2 class="elementor-heading-title elementor-size-default">Pra quem é o<br> ATIVADAS LEADERSHIP?</h2>				</div>
				<div class="elementor-element elementor-element-a768538 elementor-widget elementor-widget-text-editor" data-id="a768538" data-element_type="widget" data-e-type="widget" data-widget_type="text-editor.default">
									<p><span class="Apple-converted-space"> </span>Pastoras e líderes que já estão à frente de pessoas, equipes ou ministérios e querem se desenvolver, se capacitar e fortalecer sua liderança.</p><p>• Mulheres que já exerceram liderança e desejam estar mais preparadas para uma nova fase.<br />• Mulheres que estão sendo formadas para liderar ou que percebem novas responsabilidades se aproximando.<br />• Mulheres que querem começar a se preparar antes do título, da função ou do convite.</p><p>Um treinamento para quem entende que liderança também se aprende, se desenvolve e se aperfeiçoa.</p>								</div>
				</div>
				</div>
				</div>

<p>Faça aqui sua inscrição Uma imersão de treinamento e desenvolvimento para mulheres que lideram na igreja local e para aquelas que estão se preparando para assumir novas responsabilidades. Pastoras, líderes, discipuladoras e mulheres em formação encontrarão um ambiente pensado para desenvolver competências essenciais para uma liderança feminina cristã mais preparada, saudável e intencional. O Ativadas [&hellip;]</p>
